-232 + 0*u + 5*u + 222 - u. Determine m(4).
6
Suppose b - 3*b = 4*q - 14, 3*q = -5*b. Let j(f) = 15*f - 13. Let d(h) = -7*h + 6. Let m(k) = 7*d(k) + 3*j(k). Give m(q).
-17
Let y(b) be the first derivative of b**2/2 - 8*b + 171. What is y(12)?
4
Let i(x) = -x + 2. Let v(j) = -j - 10. Let n(t) = 6*i(t) + v(t). What is n(3)?
-19
Let c(q) be the first derivative of -q**4/4 - 2*q**3/3 - q**2/2 - 2*q + 203. What is c(-2)?
0
Suppose -2*b - 4*a = -14, 4*b - 2*a - 11 = -3. Let n(c) = -172*c**2 + c + 171*c**2 + 0*c**3 - c**b. Let j = 3 - 5. Give n(j).
2
Suppose 0 = 53*q - 46*q - 7. Let s(i) = 2*i**2 - 4*i - 7. Let p(j) be the first derivative of j**3/3 + j**2/2 + 2. Let d(h) = q*s(h) - p(h). Calculate d(6).
-1
Let z = -3 - -2. Let m(a) be the second derivative of 0 + 1/3*a**3 + 1/2*a**2 - 3/4*a**4 + 16*a. What is m(z)?
-10
Let r(f) = f**3 + 5*f**2 + 4*f + 4. Suppose 3*s + 123 = -69. Let v be (-2)/(-16) + 264/s. What is r(v)?
4
Let c = -239 - -243. Let s(y) be the second derivative of 0*y**3 + 0 - 1/6*y**c + 4*y + 1/2*y**2. Calculate s(-1).
-1
Let x(w) = 11*w - 5 + 10*w + 11*w - 36*w + w**2. Let v(l) = -2*l - 2. Let t be v(-3). Give x(t).
-5
Let l = -465 - -466. Let y(c) = 38*c - 2. Give y(l).
36
Let c(x) be the third derivative of -x**4/24 - 3*x**3/2 + 6*x**2 + 1. Calculate c(-9).
0
Let b(v) be the second derivative of -v**4/6 + 7*v**3/6 + 9*v**2/2 - 12*v + 3. Determine b(6).
-21
Let k(r) = r**2 - 14612 + 7312 - 9*r + 7307. Give k(4).
-13
Let z(s) = s**3 - 4*s**2 + s - 2. Let o be z(4). Let n(m) = 5 - m**2 + 4*m + 3*m**o - 3*m**2. Suppose -16 = 5*g - 3*b - 21, 0 = -4*g + 5*b - 9. What is n(g)?
5
Suppose -4 = 2*t - 3*u, -3*u = -t + u - 7. Let f be (-42)/(-24) + t/4. Let v be 3/(-6)*2*f. Let l(y) = 2*y - 1. What is l(v)?
-5
Let i(r) be the second derivative of r**5/120 + 7*r**4/24 - r**3/2 - 15*r. Let m(w) be the second derivative of i(w). What is m(0)?
7
Let f(m) = -7*m**2 + 39 - 38 + 4*m**3 + 5*m**2. Suppose 6*r - 3 = 3*r. Calculate f(r).
3
Let w(s) = -2*s**3 + 6*s**2 - 2*s - 6. Let q(j) = 56*j**3 - 55*j**3 + 4*j - 1 - 4*j. Let b(p) = -3*q(p) - w(p). What is b(-6)?
-3
Let g be 1*4/(-8)*-8. Let q = g - 0. Let r(o) = -3*o - o**2 - 3*o + 8 - q + 6. Calculate r(-7).
3
Let w = -29 + 30. Suppose 4*t - q = -6*q - w, -3*q = -9. Let a(m) = -m**2 + 4. What is a(t)?
-12
Let j(y) = -5*y**2 + 33*y + 58. Let l(z) = -3*z**2 + 17*z + 28. Let f(w) = 4*j(w) - 7*l(w). Calculate f(-5).
-4
Let b(i) = -i + 14. Let n be b(6). Let h(f) = 10*f - n*f - 3 + 0. Let u = 1 - 4. Determine h(u).
-9
Let u(l) = -l**2 + 2*l + 3. Suppose -12 = 5*j - 8*j. Suppose -5*o - 37 = -j*i, o = -3*o - 4. Suppose 5 = -3*v + i*v - 5*k, 4*k + 16 = -2*v. Determine u(v).
-5
Let f(u) be the second derivative of 1/3*u**3 + 0 + 25*u - 2*u**2. Suppose -r + 4 - 5 = -q, -2*q - 2*r + 22 = 0. Calculate f(q).
8
Let v(w) = -57*w - 60*w - 1 + 119*w + 0. Suppose -15 = -3*y - n, -4*n = y - 5 - 11. Suppose -5*q - y = -q. What is v(q)?
-3
Let w(k) be the second derivative of k**5/4 + k**4/3 - k**3/2 + 3*k**2 + 8*k. Let r(t) = -t**3 - t**2 - 1. Let q(h) = -6*r(h) - w(h). Determine q(-3).
-18
Suppose -6*d + 2*d = -16. Let k be 70/9 - d/(-18). Suppose k = -2*t, 7*t = 2*w + 2*t - 34. Let o(u) = -u**2 + 7*u + 1. Determine o(w).
1
Let y(x) = -12*x + 70. Let t be y(5). Let g(n) be the third derivative of -n**6/120 + n**5/6 + n**4/24 - 5*n**3/3 - 3*n**2. Determine g(t).
0
Let r(g) = g**3 + 4*g**2 - g - 4. Let u(j) = -j**3 - 18*j**2 + 21*j + 33. Let s be u(-19). What is r(s)?
-24
Let i(k) = -4*k**2 - 1. Let g be i(1). Let d(w) be the second derivative of 3/2*w**2 - 9*w + 0 + 1/2*w**4 + 1/20*w**5 + 7/6*w**3. Give d(g).
-7
Suppose 8 = -i + 2*r - 17, 0 = -3*r + 12. Let d(v) = 3*v + 51. Determine d(i).
0
Let w(x) = -x**3 + 28*x - 16*x + 7*x**2 - 3 - 15*x + 17 + 3. Calculate w(7).
-4
Let z be (-8)/6*(1 + -4). Let s(m) = -4*m**2 - 6*m - 3. Let t(u) = -5*u**2 - 7*u - 3. Let f(q) = 6*s(q) - 5*t(q). Give f(z).
9
Let b(s) be the first derivative of -s**2/2 - 15*s - 369. Give b(-7).
-8
Let a(q) = -1520 + 9*q - 5*q + 1561 + 7*q. Determine a(-4).
-3
Let s = -5 - 3. Let f(h) = -2*h - 14. Let q be f(s). Let n(j) = 2 + 8*j - 13*j**2 + 12*j**q - 7*j. Give n(4).
-10
Let k(q) = -4*q - 22. Let b be k(-6). Suppose -z = -3, 2*g - b*z = z + 7. Let t(w) = w - 4. Give t(g).
4
Let f(v) = -7*v**2 + 1. Let h(l) = 3*l - 5. Let j be h(-3). Let y be ((-21)/j)/(6/4). Give f(y).
-6
Let d(i) = -2*i. Let z(a) = 7*a - 3. Let m(f) = 4*d(f) + z(f). Let l(p) = 4*p + 4*p - 3*p + 6 - 6*p. Let k be l(10). What is m(k)?
1
Let i = 135 - 131. Let g(w) = -w**3 + 7*w**2 + 9*w - 6. Let v(f) = -2*f**3 + 13*f**2 + 17*f - 12. Let q(u) = -7*g(u) + 4*v(u). Determine q(i).
-2
Let s(f) be the third derivative of -f**5/10 + f**4/24 + 217*f**2. Calculate s(1).
-5
Suppose 5*z + j = -40, 23 - 7 = -2*z + 2*j. Let b(d) = -3*d + 2. Determine b(z).
26
Let q = -3 - 13. Let h be (36/16)/((-6)/q). Let x(w) = -w. Let j be x(h). Let o(t) = t**2 + 7*t - 8. Give o(j).
-14
Let k(d) = d**2 + 2*d + 1. Let a(g) = -4*g - 7. Let v be a(-4). Suppose -q - v = 2*q. Calculate k(q).
4
Suppose -5*o + 22 = k, 3*k - 14 = -2*o - 0*k. Let a(p) = -p - o*p - 3 + 4 + 0. Suppose 0*g - 9 = 3*g. What is a(g)?
16
Let q(x) = -x**2 - 2*x + 2. Suppose 3*t + t + 4*z + 16 = 0, t + 3*z + 8 = 0. What is q(t)?
2
Let q(x) = -x**3 + 6*x**2 - 5*x - 6. Suppose 119*r - 125*r = -30. What is q(r)?
-6
Let u = 28 + -18. Let d be (1/(-1))/(2/(-10)). Suppose -11*x - d = -u*x. Let a(t) = -t**2 - 3*t + 2. What is a(x)?
-8
Let d(c) = c**3 - 4*c**2 + 9*c - 7. Let q be d(2). Let a(o) = o**q - 54 - 2*o + 55 - 4*o**2 + o**2 + 0*o. Give a(3).
-5
Let p = -287 + 279. Let h(w) = w**3 + 9*w**2 + 10*w + 7. Calculate h(p).
-9
Suppose 5*g = -0*g + 20. Let b(n) = -n**2 + n. Let u(p) = -p**3 - 7*p**2 + 10*p - 7. Let i(r) = g*b(r) - u(r). Calculate i(-5).
-13
Let w(o) = 5*o + 5 - o**2 + 7 - 4. Let z = 29 - 22. Determine w(z).
-6
Let f(u) = u**2 + 13*u + 13. Let b(w) = -3*w**2 - 39*w - 39. Let x(l) = -3*b(l) - 8*f(l). Let o(c) be the first derivative of x(c). Calculate o(-9).
-5
Let h be 0 + (-71 + 0)*-2. Let y = -151 + h. Let j(b) = b**3 + 10*b**2 + 8*b - 5. What is j(y)?
4
Let c be (-4)/10 + 32/5. Let m(h) = -5*h + c*h + 3 + 3*h + h. Let o(g) = -g - 1. Let b(q) = -m(q) - 4*o(q). Calculate b(-4).
5
Let b be (-1)/(3/210) + 10 + -8. Let f = 67 + b. Let t(u) = 2*u**2 - 2*u - 1. Calculate t(f).
3
Let h = -48 - -51. Let l(g) = g - h*g**3 + g**2 - g**3 + 5*g**3. Give l(0).
0
Let a(d) = -d**2 + 2*d - 10. Let q(p) be the first derivative of -p**3 + 5*p**2/2 - 29*p - 1. Let x = 119 - 136. Let r(j) = x*a(j) + 6*q(j). Give r(-6).
-16
Let g = -60 - -91. Suppose 4*j + 1 + g = 0. Let v(s) = s**2 + 7*s - 9. Calculate v(j).
-1
Suppose 6*j - 10 - 2 = 0. Suppose -1 = -r + 2*x - 8, -6 = j*r - 2*x. Let f(z) = -10*z**3 - z**2 - z + 1. Give f(r).
-11
Suppose 4*t - 25 = -3*x, -2*x - 2*t = -15 + 1. Let i(c) = -5*c**2 + 7 + 2 - 573*c**x + 572*c**3 - 2. Calculate i(-5).
7
Let b(v) = -2*v**2 + 12*v - 19. Let c be b(3). Let s be (2 + (-8)/6)*9. Let f(u) = -8*u - s + 6 + 1. Give f(c).
9
Let v(s) = 6*s**2 - 7*s - 3. Let z(f) = -f**2 + f + 1. Suppose -3*l + 35 = 4*o, 0*o = 3*o - 4*l + 5. Let i(g) = o*z(g) + v(g). What is i(2)?
2
Let j(a) = 3*a - 8. Suppose 14*p - 13*p = 8. What is j(p)?
16
Let y = -2 + 1. Let f(n) be the second derivative of -3*n**5/10 - n**3/3 - n**2/2 + n + 50. What is f(y)?
7
Let g(s) = s**2 + 1. Suppose 0 = -6*q + q - t + 13, -5*q - 3*t + 19 = 0. Determine g(q).
5
Let n(z) = -z**2 - 6*z + 3. Suppose 24*q + 140 = 4*q. Determine n(q).
-4
Let b(i) = 24*i - 2. Suppose -33*y + 10 = -38*y. What is b(y)?
-50
Suppose -2*t + 5 + 1 = 0. Let o(r) = -5*r + 2*r - 2*r + t. Determine o(-4).
23
Let r(f) = -2*f**2 - 5*f + 8. Let w = -1613 - -1607. Give r(w).
-34
Suppose 0 = -t + 7 - 14. Let r(j) = j**3 + 5*j**2 - 9*j + 6. Determine r(t).
-29
Let d(y) = -343*y**2 - 9*y - 8 - 2*y + 344*y**2 + 5. Give d(12).
9
Suppose -7*z + 104 = 34. Let f(y) = y**2 + y + z - 2*y + 8*y + y. Calculate f(-7).
3
Let s(r) be the third derivative of r**5/20 - 3*r**4/8 - 7*r**3/6 + 11*r**2. Let g(a) = -2*a**2 + 8*a + 6. Let k(y) = 6*g(y) + 5*s(y). Calculate k(-2).
7
Let s(y) = -8*y + 83. Let p be s(10). Let z(c) = c - 5. What is z(p)?
-2
Let h(b) = b**2 - 7*b + 2. Suppose x + 9 = 4*x. Suppose 7*f - 3*